*k + 17 = -30448*z + 30449*z. Calculate the highest common divisor of g and k.
8
Let b(f) be the third derivative of -13/6*f**3 + 0*f - 12*f**2 + 17/24*f**4 + 0. Let k be b(2). Calculate the greatest common divisor of k and 14.
7
Suppose 2*r - 436 = -5*i + 587, 3*r - 612 = -3*i. Suppose 5*q - i - 470 = 0. Calculate the highest common divisor of 15 and q.
15
Suppose -3*u + 3*c = 15, -3*u + c = 2 + 5. Let d(p) = -105*p - 15. Let y be d(u). Calculate the highest common factor of y and 60.
30
Let x be 40/(-20) - (-7 - -1). Let k be 1153/2 + 2/(-4). Suppose -x*p - k = -12*p. What is the greatest common factor of p and 36?
36
Let x be (-27)/3 + (-11470)/(-62). What is the highest common divisor of 48 and x?
16
Let i(v) = v**3 + 4*v**2 + 4*v + 6. Let b be i(-3). Suppose b*d - 15 = 0, -5*p + 65 = -3*p - d. What is the greatest common divisor of p and 70?
35
Suppose -4*o + 8 = 5*u - 20, 2*u - 3*o = 25. Let a be u/(-6) + 237/9. Let g be 8/(-10)*1250/(-5). What is the highest common divisor of a and g?
25
Let b(o) = o**3 + 4*o**2 - 13*o - 14. Let p be b(-5). Let h(v) = -v**2 + 27*v - 2. Let f be h(p). What is the highest common factor of f and 540?
12
Suppose 1209 = 35*l + 134 - 2950. Calculate the highest common factor of l and 621.
23
Let h(n) = -n**2 - 13*n + 1. Let w be h(-13). Let k be (-16)/(-12) + 14/3. Suppose 0 = u + 3, 3 = j - 2*u - k. What is the greatest common factor of w and j?
1
Let g(m) = m**2 - 28*m + 208. Let q be g(47). Calculate the greatest common factor of q and 3.
3
Suppose -32*o = 4*n - 27*o - 2405, 0 = 3*n - 5*o - 1760. What is the greatest common divisor of 952 and n?
119
Suppose -33*y = -40*y + 14. Let j be (y - 3)/(-5) - 45/(-25). What is the highest common divisor of j and 10?
2
Let v(f) = 2*f**3 + 92*f**2 - 72*f - 82. Let w be v(-46). Calculate the highest common factor of w and 475.
95
Let t be 15/20 - 15588/(-16). Suppose -5*z + t = 4*w, -5*z + 537 = -5*w - 438. Calculate the highest common divisor of 15 and z.
15
Suppose -2*a + a + 3*z + 8 = 0, 5*a + 12 = 2*z. Let k be (a/4 - -2)*2. What is the greatest common factor of 1 and k?
1
Suppose 9*g - 205 - 170 = -j, -5*j = -30. Calculate the highest common divisor of g and 10.
1
Suppose -1324*s + 1319*s - 65 = -m, -4*s = -m + 62. Suppose 2005 = 5*c - 3745. Calculate the greatest common factor of m and c.
50
Let o(z) = 39*z + 4425. Let c be o(-101). What is the greatest common factor of c and 198?
18
Suppose u + 37 = 182. What is the greatest common divisor of u and 2465?
145
Let z(s) = 42*s - 6. Let h = -51 + 32. Let t = h - -22. Let q be z(t). What is the greatest common divisor of q and 24?
24
Suppose -12*i - 3326 = 58. Let g = 467 + i. Let f be 3/(15/20) - -1*g. Calculate the greatest common divisor of f and 21.
21
Suppose -4*z + 3025 = 3*b, 1484 = -3*z + 5*z - 8*b. Calculate the greatest common divisor of 116 and z.
58
Suppose -2*l - 3*s = -111, 64 = -4*l + 3*s + 277. Suppose -15*t = -13*t - l. Calculate the highest common factor of t and 297.
27
Let h = 86263 - 86209. Suppose j - 11 = -b, j - 3*b - 39 = -4*j. What is the highest common divisor of h and j?
9
Let z = 9 - 2. Suppose -150 = -3*h - 3*p, p + 97 + 77 = 3*h. Calculate the greatest common divisor of z and h.
7
Let z be (141 - 11)/(-1 + 3 - 1). Let b be (z/(-156))/(1/(-6)) + -1. Calculate the highest common factor of 12 and b.
4
Suppose -3*i + 5791 = 4*l, i - 7247 = 36*l - 41*l. What is the highest common factor of 20 and l?
10
Let p(i) = 12 - i + 0*i - 3*i. Suppose 0 = -135*y + 130*y + 25, 4*v - 3*y + 15 = 0. Let b be p(v). What is the greatest common divisor of 12 and b?
12
Suppose 25*w - 188 = 12. Suppose -7*b + 9*b - w = 0, -4*u + 996 = 2*b. Calculate the greatest common factor of 13 and u.
13
Suppose -44*l + 15507 = -40*l + v, -5*l + 19347 = -4*v. Calculate the highest common factor of 620 and l.
155
Suppose 4088 = -13*j + 4673. Let t(h) = -2*h**2 - 4*h - 1. Let i be t(-3). Let f be (-37)/i - 4/14. Calculate the greatest common divisor of f and j.
5
Let m be (264/(-14))/(28/(-77616)). What is the highest common divisor of 297 and m?
297
Suppose 0*s - 52 = -s. Let t(j) = -j**2 + 10*j + 148. Let n be t(18). Calculate the highest common divisor of s and n.
4
Let u(p) = 2*p**2 - 12*p - 38. Let t be u(10). Let b = 95 - t. Calculate the greatest common divisor of 848 and b.
53
Let k(z) = 15*z + 7. Let y be k(7). Suppose -10498 - 4046 = -303*p. Calculate the greatest common factor of p and y.
16
Let q(y) = 67*y + 96. Let t be q(36). Suppose -147*c - t = -158*c. Calculate the highest common factor of c and 108.
12
Let t = 2820 + -2027. Calculate the highest common divisor of t and 39.
13
Suppose -k = 0, 4*d + 12*k - 10880 = 16*k. What is the highest common factor of 576 and d?
32
Let q(v) = v**2 + 5. Let n be q(0). Suppose n*p - 100 = -0. Let x(i) = -21*i - 4. Let m be x(-4). Calculate the greatest common factor of p and m.
20
Let t(m) = 0*m + 2*m - 23 - 3. Let l be t(14). Suppose -l*n + 11*n = 342. What is the greatest common divisor of 266 and n?
38
Let g be (9*-13)/(187 - 188). Calculate the greatest common divisor of g and 5057.
13
Suppose -3*v = -5*a + 4, -2*a - 4*v = -0 - 12. Let c be -6*((a - 1) + -2). What is the greatest common divisor of 16 and c?
2
Let d = 3866 + -3502. What is the greatest common divisor of 468 and d?
52
Let b = 86 - 52. Suppose 0 = -3*n + b + 134. Suppose n = 2*r - 232. What is the highest common divisor of r and 16?
16
Suppose -53*m - 39*m = 180*m - 57392. What is the highest common factor of 3587 and m?
211
Suppose -178 = -5*j - 163. Suppose -3*g = -4*g - j*h, -5*h - 5 = 0. What is the highest common factor of g and 19?
1
Let p be ((-28)/(-3))/(80/(-15) - -6). Let l be (-6)/12*p - -22. What is the greatest common factor of l and 165?
15
Let x(l) = 4*l + 24. Let h be x(0). Let y(r) = h*r**2 - 44*r**2 + 20*r**2 - 4*r**3. Let c be y(-1). Calculate the greatest common factor of 36 and c.
4
Suppose -2*k + v = 14, 2*k - 6*v + 9*v = 2. Let d(n) = -n**2 - 8*n - 1. Let t be d(k). Let g = -10 + t. What is the greatest common factor of g and 32?
4
Suppose 68 = 3*a - 67. Let x be ((-96)/(-45) - -3) + (-6)/a. Let n be (1 - (x - 3)) + 1*13. Calculate the highest common factor of 84 and n.
12
Let l be (28/8)/(-7) + (-42)/(-4). Let g be ((-28)/4)/(l/(-40)). Calculate the highest common divisor of 98 and g.
14
Let i(w) = 3*w**2 - 13*w + 14. Let o be i(6). Suppose 5*q - 298 = -4*b, -2*q + 87 = b - 7*q. What is the highest common divisor of b and o?
11
Suppose -11*s + 21 = -8*s. Suppose s*m - 106 = 5*m. Let c = -23 + m. Calculate the highest common factor of 60 and c.
30
Suppose -2*m - 3*d = -48 - 12, -2*d - 112 = -5*m. Let r be (-1)/(9/(-21)) - 2/(-3). Suppose -r*x = -m - 96. Calculate the greatest common factor of 10 and x.
10
Let g = -166 - -173. Let l = -54 + 48. Let y be ((-3)/l)/((-3)/(-42)). What is the highest common factor of y and g?
7
Let i be 6/(-45) - ((-856)/120 - -2). Calculate the highest common factor of i and 51.
1
Suppose j = -4*i + 22, 3 = 6*j - 7*j + i. Suppose 140 + 10 = 5*f - 4*u, j*f - 62 = 2*u. Calculate the highest common divisor of 13 and f.
13
Let g(d) = d**3 - 6*d**2 + d + 24. Let a be g(9). Let p = -96 + a. What is the greatest common divisor of 20 and p?
20
Let z be 2/(-4) - 5*4/(-8). Let h be (0 - z/(-5))*3275/5. Suppose 4*y - p = 2*p + 372, -3*y - 2*p + h = 0. Calculate the greatest common divisor of y and 10.
10
Let j(x) = 5*x**3 - 3*x**2 + x + 9. Let n be j(2). What is the highest common factor of n and 3250?
13
Suppose -4*j + 56 = 2*u, -119 = -3*u - 95. Calculate the highest common divisor of j and 2710.
10
Let f(q) = q**2 + 7*q + 238. Let n be f(0). Suppose -2*p = 4*t - 95 - 65, -3*p - 4*t = -n. Calculate the greatest common factor of 104 and p.
26
Let g = 2956 + -1220. Suppose 904 = 22*u - g. What is the highest common divisor of 15 and u?
15
Let q be (9/(-180) - 1/4) + (-344060)/(-200). Calculate the greatest common divisor of q and 120.
40
Let a be (-5)/(40/(-28))*10. Let p be (-28)/(-2)*(-3 - a/(-10)). Let c(f) = 2*f**2 - 11*f + 19. Let n be c(p). Calculate the highest common factor of n and 200.
40
Let f be (133/(-14))/(1 + (-3)/2). Let h be (-3 + 79)*(44/8)/11. What is the greatest common divisor of h and f?
19
Suppose 4 = 2*p, 2*v = -p + 3*p. Suppose v*z + 3